l + 12. What is z(5)?
17
Let a(t) = -15*t**2 + 70*t + 1. What is a(5)?
-24
Let w(q) = 8*q + 19. Give w(-3).
-5
Let p(z) = 4*z**3 - 3*z**2 - z + 1. What is p(-1)?
-5
Let c(m) = m**2 + 2*m - 576. Calculate c(-25).
-1
Let t(b) = -b**3 - 3*b**2 + b + 5. Give t(2).
-13
Let i(o) = o**3 - 5*o**2 - 4*o. Determine i(4).
-32
Let v(t) = -3*t + 23. What is v(-10)?
53
Let i(h) = h**3 - 7*h**2 - 11*h + 12. Determine i(8).
-12
Let s(a) = -a**2 - 4*a + 2. Determine s(-5).
-3
Let a(d) = d**3 + 5*d**2 - 37*d - 25. Give a(-9).
-16
Let b(d) = -d**2 + 7*d + 3. What is b(10)?
-27
Let v(a) = 11*a**2 + 7*a + 13. Calculate v(-2).
43
Let y(a) = -7*a + 83. Give y(13).
-8
Let l(s) = s**3 - 7*s**2 + 7*s - 13. Calculate l(6).
-7
Let f(a) = a**2 + 2*a - 12. Calculate f(4).
12
Let x(r) = 6*r + 1. Give x(5).
31
Let t(n) = -n**2 + 9*n - 11. What is t(9)?
-11
Let a(t) = -22*t - 174. Calculate a(-9).
24
Let f(x) = -17*x. What is f(3)?
-51
Let c(r) = -r**3 + r**2 - r - 6. What is c(5)?
-111
Let m(u) = 3*u**3 + u**2 - 2. Calculate m(2).
26
Let q(n) = 4*n**2 + 13*n + 25. What is q(-4)?
37
Let q(a) = a**3 - 16*a**2 + 16*a + 9. Calculate q(15).
24
Let d(b) = b + 23. Calculate d(-18).
5
Let g(d) = -d**3 - 31*d**2 - 31*d - 33. Determine g(-30).
-3
Let a(n) = n**3 - 3*n**2 - 5*n - 2. What is a(5)?
23
Let y(q) = q**3 - 10*q**2 + 5*q - 1. Calculate y(7).
-113
Let v(w) = -5*w - 43. Give v(30).
-193
Let o(i) = i - 23. Calculate o(17).
-6
Let x(m) = -3*m**3 - 31*m**2 - 11*m - 16. Calculate x(-10).
-6
Let m(z) = 9*z - 1. Give m(-4).
-37
Let f(w) = -w**3 + 34*w**2 - 35*w + 38. Give f(33).
-28
Let k(t) = t**3 - 4*t**2 + 6. What is k(6)?
78
Let d(f) = 22*f**2 + 2*f + 2. What is d(-1)?
22
Let b(a) = a - 17. Calculate b(10).
-7
Let f(l) = -6*l + 16. Calculate f(3).
-2
Let r(o) = o**2 - 23*o + 50. Determine r(21).
8
Let c(s) = -s**2 + 22*s - 46. Give c(24).
-94
Let s(d) = -d**3 - 6*d**2 + 11*d + 3. Give s(-7).
-25
Let l(s) = -s**2 + 4*s - 15. What is l(6)?
-27
Let o(r) = -78*r - 383. What is o(-5)?
7
Let p(r) = -r**2 + 9*r - 25. Determine p(6).
-7
Let g(t) = -t**2 + 10*t - 17. Give g(4).
7
Let h(n) = n**3 + 21*n**2 + 39*n - 6. Give h(-19).
-25
Let z(v) = 2*v**3 - 33*v**2 - 16*v - 3. Calculate z(17).
14
Let t(q) = -9*q - 1. Determine t(4).
-37
Let w(b) = -11*b. Give w(-1).
11
Let a(p) = 13*p - 142. Determine a(10).
-12
Let o(w) = 2*w**2 - 6*w - 10. Determine o(-3).
26
Let y(f) = f. Calculate y(-7).
-7
Let h(c) = 5*c**2 + 14*c. Determine h(-2).
-8
Let t(d) = -3*d - 47. Give t(-9).
-20
Let n(j) = -93*j**2 + 4*j - 5. Give n(1).
-94
Let t(w) = -w**2 - 10*w + 4. Calculate t(-10).
4
Let o(s) = -s + 16. Give o(8).
8
Let t(d) = -d**3 - 2*d**2 - d + 4. What is t(-2)?
6
Let w(a) = 4*a + 11. Determine w(-3).
-1
Let k(h) = 4*h - 8. Determine k(6).
16
Let v(u) = -16*u**3 - 2*u**2 + u. What is v(1)?
-17
Let g(z) = -z**3 - 4*z**2 + 9*z + 7. What is g(-6)?
25
Let b(m) = m**2 + 32. Determine b(0).
32
Let u(g) = g - 4. Determine u(-9).
-13
Let r(n) = -41*n - 247. Calculate r(-6).
-1
Let w(s) = -5*s + 2. Calculate w(8).
-38
Let c(g) = 5*g**2 - 7*g - 11. Give c(-6).
211
Let s(j) = -7*j. What is s(-2)?
14
Let g(z) = z**3 - 9*z**2 + 2*z - 9. Determine g(9).
9
Let d(l) = -l - 5. What is d(-6)?
1
Let m(k) = -23*k**3 + 2*k**2 - k. Calculate m(1).
-22
Let g(n) = -n**3 + 3*n**2 + 7*n - 4. What is g(5)?
-19
Let a(q) = -2*q - 6. Determine a(6).
-18
Let l(j) = 5*j + 4. Calculate l(-6).
-26
Let n(w) = w**3 + 20*w**2 + 21*w + 34. What is n(-19)?
-4
Let h(z) = -z**2 + 3*z + 4. What is h(7)?
-24
Let j(h) = -h**2 - 30*h + 253. Give j(7).
-6
Let m(d) = -3*d**2 + 2*d - 3. Give m(-4).
-59
Let o(i) = i**2 - 9*i + 16. What is o(8)?
8
Let t(x) = -x**3 + 7*x**2 + 3*x + 12. Give t(6).
66
Let c(q) = -q**3 + 10*q**2 - 14*q + 10. Give c(9).
-35
Let y(r) = -r**3 + 6*r**2 + 15*r + 7. Determine y(8).
-1
Let s(b) = -2*b**2 + 16*b - 54. Calculate s(4).
-22
Let j(g) = -g**2 + 6*g - 2. Determine j(4).
6
Let l(m) = 8*m - 14. Give l(-8).
-78
Let b(d) = d**3 - 45*d**2 - 145*d + 42. Determine b(48).
-6
Let f(d) = 2*d**3 + 12*d**2 + 4. What is f(-6)?
4
Let y(i) = -i**2 + 50*i - 218. Give y(5).
7
Let t(b) = 36*b**3 + 1. Give t(-1).
-35
Let h(y) = -11*y + 18. Give h(-20).
238
Let x(f) = -f**2 + 2*f + 4. Determine x(2).
4
Let u(v) = 13*v - 114. Determine u(7).
-23
Let l(s) = 2*s + 17. What is l(-15)?
-13
Let o(s) = s**3 + 8*s**2 - 11*s - 27. Determine o(-10).
-117
Let a(b) = -b**3 + 10*b**2 - 15*b - 8. Give a(8).
0
Let a(l) = l**3 - 5*l**2 + 10*l - 17. Give a(4).
7
Let t(w) = -w**3 - 5*w**2 - 6*w - 6. What is t(-4)?
2
Let r(t) = -3*t + 5. Give r(-2).
11
Let q(a) = -5*a + 26. Determine q(-13).
91
Let g(x) = -x**2 + 2*x + 82. Give g(10).
2
Let g(s) = 4*s - 42. Give g(11).
2
Let v(o) = o**2 - 82*o - 165. Calculate v(-2).
3
Let g(p) = -20*p + 3. What is g(1)?
-17
Let g(l) = 38*l + 1. What is g(-1)?
-37
Let q(t) = 3*t. What is q(-2)?
-6
Let z(p) = -p**3 - p**2 + 2*p + 3. Determine z(-4).
43
Let k(t) = t + 16. Calculate k(-9).
7
Let m(q) = -q**2 + 3*q + 1. Calculate m(8).
-39
Let i(o) = -3*o + 1. Determine i(-1).
4
Let s(h) = 2*h**2 + 10*h + 6. Calculate s(-6).
18
Let f(h) = 2*h - 33. What is f(-12)?
-57
Let k(u) = -u. What is k(4)?
-4
Let s(o) = 2*o**3 - 10*o**2 - 13*o + 16. Give s(6).
10
Let b(d) = -d**3 + 8*d**2 + 4*d + 12. Calculate b(9).
-33
Let g(m) = -8*m**2 - 34*m - 18. Calculate g(-4).
-10
Let w(n) = 4*n**3 - 70*n**2 + 34*n - 10. Calculate w(17).
-10
Let x(y) = 4*y**3 + 30*y**2 - 12*y + 38. Give x(-8).
6
Let z(q) = q + 27. Determine z(-21).
6
Let q(n) = -2*n - 53. Calculate q(-22).
-9
Let w(k) = -k**3 + 22*k**2 - 23*k + 43. Calculate w(21).
1
Let l(t) = 15*t - 200. Give l(13).
-5
Let c(h) = -h**3 - 6*h**2 + 7*h + 1. Give c(-7).
1
Let r(d) = -d**2 - 13*d - 37. What is r(-7)?
5
Let k(p) = -p**3 - 3*p**2 + 7*p - 2. Calculate k(-6).
64
Let w(d) = 2*d + 16. Determine w(5).
26
Let l(p) = p**2 + 4*p + 13. What is l(-7)?
34
Let j(x) = 2*x. Determine j(-2).
-4
Let x(g) = -3*g + 70. Determine x(20).
10
Let m(w) = -w**3 - 5*w**2 - 5*w - 1. What is m(-4)?
3
Let d(s) = s**3 + 19*s**2 + 4*s + 25. Calculate d(-19).
-51
Let v(j) = j**3 - 2*j**2 - 63*j - 13. Calculate v(9).
-13
Let x(s) = -9*s**3 - s**2 + 1. Calculate x(1).
-9
Let k(u) = -u**2 - 7*u - 11. What is k(-6)?
-5
Let h(i) = -i**3 + 35*i**2 - 173*i - 35. Calculate h(29).
-6
Let o(a) = 19*a**2 + 15*a + 14. Calculate o(-1).
18
Let a(g) = g**3 - 17*g**2 + 28*g + 19. Determine a(15).
-11
Let h(v) = -4*v**3 - 2*v**2 + v + 5. Give h(3).
-118
Let j(t) = t**2 - 4*t. What is j(7)?
21
Let u(k) = -2*k**3 + 2*k**2 + 4*k + 3. Calculate u(-3).
63
Let n(y) = 20*y + 467. What is n(-23)?
7
Let a(w) = -w + 8. What is a(9)?
-1
Let o(x) = 4*x - 12. What is o(-10)?
-52
Let m(q) = -q**2 - 22*q + 40. Give m(-24).
-8
Let a(q) = q**3 + 5. Give a(0).
5
Let t(u) = -12*u**3 + 2*u**2 - 1. What is t(1)?
-11
Let u(f) = -f**2 - 2*f - 2. What is u(-4)?
-10
Let w(p) = -3*p**2 + 24*p + 60. Give w(10).
0
Let h(n) = 2*n**2 - 35*n - 43. What is h(19)?
14
Let o(w) = -w**2 + 31*w - 40. Give o(30).
-10
Let n(s) = -s**2 - 18*s - 7. What is n(-18)?
-7
Let p(v) = 94*v**3 + 3*v**2 + 3*v + 1. Calculate p(-1).
-93
Let d(s) = s**3 + 6*s**2 - 5*s + 8. Give d(-6).
38
Let c(p) = -6*p + 7. Calculate c(-6).
43
Let l(x) = 2*x**2 - 8*x - 5. Give l(5).
5
Let i(f) = f**2 - 24*f + 144. Determine i(15).
9
Let j(i) = -7*i + 50. Give j(6).
8
Let h(w) = -37*w - 11. What is h(2)?
-85
Let w(q) = 3*q**2 - 13. Give w(-5).
62
Let o(p) = -4*p - 41. Give o(-9).
-5
Let k(i) = i**3 + 4*i**2 - 2*i + 4. What is k(-3)?
19
Let t(o) = o - 17. Give t(6).
-11
Let y(n) = n**3 - 7*n**2 + n + 8. Give y(7).
15
Let d(m) = 2*m**2 + 23*m + 84. Give d(-6).
18
Let w(j) = 3*j + 19. Give w(-10).
-11
Let t(l) = 2*l**2 + 31*l + 20. Give t(-14).
-22
Let s(a) = -40*a - 22. Determine s(3).
-142
Let w(r) = r**3 + 16*r**2 + r + 20. Give w(-16).
4
Let x(a) = -2*a**3 + 15*a**2 + 16*a - 10. Calculate x(8).
54
Let v(u) = -u**2 - 15*u - 10. Calculate v(-21).
-136
Let b(d) = d**3 - 15*d**2 - 17*d + 19. What is b(16)?
3
Let t(j) = -22*j**3 + 2*j**2 + 3*j + 2. Give t(-1).
23
Let d(z) = -z**2 - 12*z - 15. What is d(-5)?
20
Let j(h) = -h**3 + 35*h**2 + 41*h - 153. Calculate j(36).
27
Let g(m) = 24*m**2 - 4*m + 5. Calculate g(1).
25
Let m(s) = 16*s + 156. What is m(-10)?
-4
Let i(t) = 4*t - 28. Calculate i(-11).
-